{"id":1301,"date":"2021-07-05T14:30:52","date_gmt":"2021-07-05T17:30:52","guid":{"rendered":"https:\/\/isfdyt33-bue.infd.edu.ar\/sitio\/?page_id=1301"},"modified":"2024-10-04T22:23:36","modified_gmt":"2024-10-05T01:23:36","slug":"inscripciones-a-tramos-o-postitulo-2021","status":"publish","type":"page","link":"https:\/\/isfdyt33-bue.infd.edu.ar\/sitio\/inscripciones-a-tramos-o-postitulo-2021\/","title":{"rendered":"Tramos y Trayectos"},"content":{"rendered":"\n<p class=\"has-text-align-center has-large-font-size\"><strong><a href=\"https:\/\/isfdyt33-bue.infd.edu.ar\/sitio\/wp-content\/uploads\/2023\/06\/Presentacion-Tramos-y-Trayectos.pdf\" target=\"_blank\" rel=\"noreferrer noopener\">Presentaci\u00f3n de los Tramos y trayectos Pedag\u00f3gicos para Profesionales y T\u00e9cnicos en Institutos de la Regi\u00f3n<\/a><\/strong><\/p>\n\n\n<div id=\"page\" class=\"hfeed site grid-container container grid-parent\">\n<div id=\"content\" class=\"site-content\">\n<div id=\"primary\" class=\"content-area grid-parent mobile-grid-100 grid-100 tablet-grid-100\">\n<article id=\"post-867\" class=\"post-867 page type-page status-publish\">\n<div class=\"inside-article\">\n<div class=\"entry-content\">\n<ul>\n<li>\n<h5><a href=\"https:\/\/isfdyt33-bue.infd.edu.ar\/sitio\/wp-content\/uploads\/2023\/06\/R.550-07-TRAMO-F.P.-NIVEL-SUPERIOR-tray.-Formac.-Pedagog..pdf\" target=\"_blank\" rel=\"noopener\"><span lang=\"ES\">Resoluci\u00f3n 550\/07 Tramo de Formaci\u00f3n Pedag\u00f3gica para el Nivel Superior<\/span><\/a><\/h5>\n<ul>\n<li>\n<h3><a href=\"https:\/\/forms.gle\/HQMG6wCCox5fLwan9\" target=\"_blank\" rel=\"noopener\">Inscripci\u00f3n ON LINE TRAMO 2023<\/a><\/h3>\n<\/li>\n<\/ul>\n<\/li>\n<\/ul>\n<ul>\n<li style=\"list-style-type: none;\">&nbsp;<\/li>\n<\/ul>\n<p>Ficha de Inscripci\u00f3n:&nbsp;<a href=\"https:\/\/isfdyt33-bue.infd.edu.ar\/sitio\/trayecto-de-formacion-pedagogica-complementaria\/ficha_de_inscripcion-20\/\" rel=\"attachment wp-att-1046\">Ficha_de_Inscripcion 20\u2026<\/a><\/p>\n<p>Ficha m\u00e9dica:&nbsp;<a href=\"https:\/\/isfdyt33-bue.infd.edu.ar\/sitio\/trayecto-de-formacion-pedagogica-complementaria\/ficha-medica\/\" rel=\"attachment wp-att-1100\">Ficha Medica<\/a><\/p>\n<\/div>\n<\/div>\n<\/article>\n<\/div>\n<\/div>\n<\/div>\n<div class=\"site-footer \">\n<div class=\"infd_logos\">&nbsp;<\/div>\n<\/div>\n\n\n<h1 class=\"wp-block-heading has-text-align-center\">Post\u00edtulos\/Especializaciones para Docentes <\/h1>\n\n\n\n<p><\/p>\n\n\n\n<p>Informaci\u00f3n en\u00a0<a href=\"https:\/\/abc.gob.ar\/secretarias\/areas\/subsecretaria-de-educacion\/educacion-superior\/dir-de-form-doc-permanente\/diplomatura\">https:\/\/abc.gob.ar\/secretarias\/areas\/subsecretaria-de-educacion\/educacion-superior\/dir-de-form-doc-permanente\/diplomatura<\/a><\/p>\n\n\n\n<p><\/p>\n\n\n\n<h2 class=\"wp-block-heading\"><\/h2>\n\n\n\n<p><\/p>\n","protected":false},"excerpt":{"rendered":"<p>Presentaci\u00f3n de los Tramos y trayectos Pedag\u00f3gicos para Profesionales y T\u00e9cnicos en Institutos de la Regi\u00f3n Resoluci\u00f3n 550\/07 Tramo de Formaci\u00f3n Pedag\u00f3gica para el Nivel Superior Inscripci\u00f3n ON LINE TRAMO 2023 &nbsp; Ficha de Inscripci\u00f3n:&nbsp;Ficha_de_Inscripcion 20\u2026 Ficha m\u00e9dica:&nbsp;Ficha Medica &nbsp; Post\u00edtulos\/Especializaciones para Docentes Informaci\u00f3n en\u00a0https:\/\/abc.gob.ar\/secretarias\/areas\/subsecretaria-de-educacion\/educacion-superior\/dir-de-form-doc-permanente\/diplomatura<\/p>\n","protected":false},"author":2391,"featured_media":2473,"parent":0,"menu_order":0,"comment_status":"closed","ping_status":"closed","template":"","meta":[],"acf":[],"_links":{"self":[{"href":"https:\/\/isfdyt33-bue.infd.edu.ar\/sitio\/wp-json\/wp\/v2\/pages\/1301"}],"collection":[{"href":"https:\/\/isfdyt33-bue.infd.edu.ar\/sitio\/wp-json\/wp\/v2\/pages"}],"about":[{"href":"https:\/\/isfdyt33-bue.infd.edu.ar\/sitio\/wp-json\/wp\/v2\/types\/page"}],"author":[{"embeddable":true,"href":"https:\/\/isfdyt33-bue.infd.edu.ar\/sitio\/wp-json\/wp\/v2\/users\/2391"}],"replies":[{"embeddable":true,"href":"https:\/\/isfdyt33-bue.infd.edu.ar\/sitio\/wp-json\/wp\/v2\/comments?post=1301"}],"version-history":[{"count":35,"href":"https:\/\/isfdyt33-bue.infd.edu.ar\/sitio\/wp-json\/wp\/v2\/pages\/1301\/revisions"}],"predecessor-version":[{"id":3038,"href":"https:\/\/isfdyt33-bue.infd.edu.ar\/sitio\/wp-json\/wp\/v2\/pages\/1301\/revisions\/3038"}],"wp:featuredmedia":[{"embeddable":true,"href":"https:\/\/isfdyt33-bue.infd.edu.ar\/sitio\/wp-json\/wp\/v2\/media\/2473"}],"wp:attachment":[{"href":"https:\/\/isfdyt33-bue.infd.edu.ar\/sitio\/wp-json\/wp\/v2\/media?parent=1301"}],"curies":[{"name":"wp","href":"https:\/\/api.w.org\/{rel}","templated":true}]}}